*u + 4*n = -244, 4*u - 49 = 5*u - 5*n. What is the tens digit of -4 - (u - (-2 - -1))?
5
What is the units digit of (-12)/(-42)*7*(4 + 1159)?
6
Let j(t) = 17*t**2 + 3*t - 3. Suppose 16*o = 17*o - 2. What is the units digit of j(o)?
1
Suppose -2*g - 4*c + 4 = 0, 15 = 4*g - 5*c - 32. Suppose -5*i = -i - g. Suppose i*b - 225 = -3*b. What is the tens digit of b?
4
Let f(d) = d**2 + 4*d + 3. Let s be f(-3). Let l be (s - 1) + 10/5. What is the units digit of 11 - (l + 0)*3?
8
Suppose -7*y = -4*y. What is the tens digit of ((-2)/(-4) + y)*230?
1
Suppose -2*p + 35 + 153 = 0. Let r = p - -70. What is the hundreds digit of r?
1
Let s be (-40)/50*(-25)/2. Suppose 0 = q - 3*q - s. What is the units digit of (q/(-10))/(2/132)?
3
Suppose 2214 = 4*y - p, -y + 0*y + 552 = -p. What is the tens digit of y?
5
Let c(w) = -w + 1. Let n(i) = -3*i + 4. Let b(d) = 5*c(d) - n(d). Let k be b(-2). Suppose -k*f + 17 = y - 16, -f = -1. What is the units digit of y?
8
Let k(q) = -q**3 + 2*q**2 - 6*q - 8. What is the hundreds digit of k(-4)?
1
Let k(p) = -4*p**3 + 3*p**2 + 14*p - 7. What is the tens digit of k(-3)?
8
Let t be 1*153/6*2. Let o = t + 4. Let q = 80 - o. What is the units digit of q?
5
Let j(t) = t + 6. Let x be j(-2). Suppose 0 = -4*r - 3*q + 8, -2*r - 3*q + 2 = x. Suppose -3*d + 12 = 0, 0*d + 7 = -r*y + 3*d. What is the units digit of y?
1
Suppose -5*y + 9*y + y = 0. Suppose y = o + 4*f - 81, 4*f + 443 = 3*o + 120. What is the tens digit of o?
0
Let u = 2272 - 1473. What is the tens digit of u?
9
Let w(f) = f**3 - 25*f**2 + 86*f + 14. What is the tens digit of w(22)?
5
Suppose 5*p = 2*o + 3*o - 135, 2*o = -p + 57. Let r be 26/7 + 8/o. Suppose 0 = r*m - 2*m - 14. What is the units digit of m?
7
Let k = -504 - -1151. What is the hundreds digit of k?
6
What is the hundreds digit of (3 - 2)/((-36456)/(-9112) - 4)?
1
Let a(x) = 2*x**3 - 73*x**2 + 40*x + 97. What is the units digit of a(36)?
1
Let d = 1946 - 579. What is the tens digit of d?
6
Suppose 2 = -z - z, 2*c - z + 19 = 0. Let a be 4/c - 8/(-20). Suppose 7*t - 6*t - 23 = a. What is the tens digit of t?
2
Let b(p) = p - 4. Let j(f) = 5*f - 15. Let w(t) = -18*b(t) + 4*j(t). Let y = 0 + 5. What is the tens digit of w(y)?
2
Let b(j) = 3*j + 31. Let x be b(-12). What is the tens digit of 276 + (-4 - (x - 4))?
8
Let h be 3 - (1/(-3) + (-96)/9). Let j(v) = v**3 + 5*v**2 + v - 3. Let n be j(-4). Let g = h + n. What is the units digit of g?
3
Suppose -n = -3*n + 5*m + 23, 5*n = -5*m + 75. What is the tens digit of 5794/30 + n/(-105)?
9
Suppose 0 = -15*l + 11*l + 304. Suppose -l = -4*u - 0*u. Suppose u*b - 150 = 14*b. What is the units digit of b?
0
What is the thousands digit of (-1 - (-45)/21)/(20/19670)?
1
Let f be ((-8)/((-64)/(-6)))/((-6)/16). Let o(d) be the third derivative of d**5/20 - d**4/12 + d**3/3 - d**2. What is the tens digit of o(f)?
1
Suppose 151*o = 143*o + 26872. What is the units digit of o?
9
Suppose 3*a + 5*m - 21 - 16 = 0, 0 = 2*m - 10. Suppose i - 4*t = -i + 106, a*t + 47 = i. What is the units digit of i?
9
Let l = 1414 - 568. What is the hundreds digit of l?
8
Let y(l) = -2*l - 11. Let b be y(-5). What is the units digit of b*(-2)/2 - -34?
5
Suppose -5*r + g + 815 = 0, 2*g - 2 = -12. What is the units digit of (3 - r/3)/(-1)?
1
What is the hundreds digit of 189/((-1166)/795 - 10/(-6))?
9
Let c be (2/(-3))/(2/(-18)*2). Suppose -c*y + 834 = w, 3*y + 545 = 5*y - 3*w. What is the hundreds digit of y?
2
Let q = -31 - -17. Let c = -9 - q. Suppose -15 = c*p, 4*f - 1 + 9 = -4*p. What is the units digit of f?
1
Let v(k) = 1179*k**2 - 2*k - 1. What is the tens digit of v(-1)?
8
What is the units digit of -17*(6 - 3 - 4)?
7
Let b = -670 - -738. What is the tens digit of b?
6
Let h(v) = 6*v**2 - 23*v + 24. Let k(t) = 5*t**2 - 22*t + 24. Let n(c) = 6*h(c) - 7*k(c). What is the tens digit of n(-18)?
1
Suppose 39*o = 30*o + 35055. What is the units digit of o?
5
Suppose -6*k + 4*k = 0. What is the tens digit of 4 + k + 3 + 53?
6
Suppose -3*o = -15, -4*a - 4*o - 2 = -18. What is the units digit of a/(-4)*-1*(-2864)/4?
9
Suppose 882 = j + 5*j. Let m = j - 33. What is the hundreds digit of m?
1
Let d(o) = 2*o**2 + 55*o - 267. What is the units digit of d(-47)?
6
What is the units digit of 18*(-1 - (-7674)/36)?
9
Suppose 0 = -y - 4*j - 8, 5*j + 2 = 3*y + 43. What is the units digit of (1/(12/(-32)))/(2/y)?
6
Let x(c) = -3*c + 6. Let p(n) = n. Let d(b) = -2*p(b) - x(b). Suppose -3*j = -5*g - 7*j + 61, g - 5*j + 11 = 0. What is the units digit of d(g)?
3
What is the units digit of (608/(-12))/(4/(-222))?
2
Let s(h) = 8*h**2 + 6*h - 7. What is the tens digit of s(5)?
2
Let i(g) = g + 17. Let k(l) = -1. Let z(m) = 2*i(m) + 22*k(m). Let w be z(-5). Let s = w + -1. What is the units digit of s?
1
Let f(v) = 7*v**2 + 9*v - 4. Let g = -21 - -17. What is the units digit of f(g)?
2
Let q = -1310 - -2631. What is the thousands digit of q?
1
Suppose 2*j = -3*j, 4*m + 4*j - 196 = 0. Let i = -41 + m. What is the units digit of i?
8
Let t(b) = 360*b + 219. What is the units digit of t(12)?
9
Let p = 0 + 2. Let o be 4/((7/(-24))/(-7)). Suppose -p*c = -o + 30. What is the tens digit of c?
3
Suppose 0 = -w - 5*h + 904, 0*w - 2*h = 4*w - 3580. What is the units digit of w?
4
Let k = -244 + 425. What is the hundreds digit of k?
1
Let i(z) = -z + z - 2 - 3*z + z + 19*z**2. What is the units digit of i(2)?
0
Let t(m) = -m**3 - 26*m**2 - 38*m - 113. What is the units digit of t(-26)?
5
What is the units digit of (14540/32 - 0) + (-36)/96?
4
Let z = 0 + 8. Suppose -z*o + 4*o + 16 = 0. Suppose o*s = s + 129. What is the units digit of s?
3
Suppose 1022 + 854 = 4*j. What is the hundreds digit of j?
4
Let b(u) be the second derivative of 1/12*u**4 + 0*u**2 + 5*u + 0*u**3 + 3/4*u**5 + 0. What is the tens digit of b(1)?
1
Let v(t) = -17*t - 26. Let a be v(-4). Suppose -10*i + 13*i = a. What is the units digit of i?
4
Let h be -2*(10/4)/((-3)/153). What is the hundreds digit of (-3)/(6/(-4)) + h?
2
Let i = -375 + 423. What is the units digit of i?
8
Suppose 40*p - 39*p = 24. Suppose -2 = -2*k + p. What is the tens digit of k?
1
Let i(j) = -j**3 - 5*j**2 - j - 3. Let o be i(-5). Suppose -3*k + 13 = u - 6, -3*u + 24 = -o*k. Suppose 12*t = u*t + 60. What is the tens digit of t?
3
Let i = -305 - -508. Suppose -3*t + 4*f = -i, 315 = 5*t - f - 46. What is the units digit of t?
3
What is the hundreds digit of 1137 - (12 + (-6 - 1))?
1
Let s = 19 + -29. Let g be (-36)/s - 4/(-10). Suppose -3*p - 10 = -g*p. What is the units digit of p?
0
What is the tens digit of (-6)/(-57) + (-86345)/(-95)?
0
Let y(f) = 4*f + 2. Let g be y(-1). Let x be (g + (-8)/12)*-3. Suppose 0 = x*w - 5*w - 18. What is the units digit of w?
6
What is the thousands digit of 162/10*(-48645)/(-621)?
1
Let d(g) = 15 - 10 - 14*g - 11 - 7. What is the hundreds digit of d(-10)?
1
Let q = -548 - -1175. What is the tens digit of q?
2
Suppose 3*r + 0*r - 14 = -4*b, 0 = b + 4*r - 10. Suppose 3*j - 32 = p, -16 - 2 = -b*j - p. What is the tens digit of (j/4)/((-11)/(-66))?
1
Suppose r - 4*p + 6*p = 345, -r - 5*p + 357 = 0. What is the hundreds digit of r?
3
Suppose -q + 20 - 8 = 0. Suppose -1968 = -0*f - q*f. What is the hundreds digit of f?
1
Suppose 5*y - 124 = 716. What is the units digit of y?
8
Suppose -26 - 766 = 9*l. Let t = l + 176. What is the units digit of t?
8
Let v(j) = -7*j**2 + j. Let x be v(-1). Let z(s) be the third derivative of -3*s**4/8 - 9*s**3/2 - 3*s**2. What is the units digit of z(x)?
5
Suppose -14*a + 25612 = 1882. What is the thousands digit of a?
1
Let y(s) = -343*s - 3 + 337*s + 11. What is the tens digit of y(-5)?
3
What is the tens digit of 198/(-4)*(-8)/20*55?
8
Suppose 17*z = 24*z - 364. Let v = 32 + z. What is the tens digit of v?
8
Let n = 17 - 12. Let k(m) be the first derivative of m**4/4 - m**3 - m**2/2 + 3*m + 31. What is the units digit of k(n)?
8
Let i be (2/(-1) - -1) + 7. What is the units digit of (-4)/i - 48/(-18)?
2
Let a(o) = -3*o - 8. Let c(f) = f + 4. Let y be c(-4). Suppose y = -4*u + 16, -4*z + u - 13 = 15. What is the units digit of a(z)?
0
Let y = -181 + 266. What is the units digit of y?
5
What is the units digit of (-3)/4*(29 - 1993)?
3
Let y(x) = -142*x - 66. What is the units digit of y(-4)?
2
Let n(i) = i**3 - 7*i**2 + 21*i -